-21 - -16)) - 10?
-16
What is (6 - 2) + 6 + 9 + -4 + -5?
10
Calculate -13 - (1 - -1) - 1 - (2 + -8).
-10
Calculate 8 - (-4 - (6 + -9 - (-14 + -3))).
26
Calculate (13 - (14 + -15)) + -2.
12
What is (0 - -2) + -25 + 18 + (-10 - -6)?
-9
Calculate -105 + 114 - (3 - -21).
-15
Evaluate 49 + -58 + (0 - -2) + -5.
-12
Evaluate 29 + -9 + -7 + -4 + 17.
26
-7 + -1 + (36 - -12 - 12 - 12)
16
Calculate -2 + (-3 - -1) + 7 + -2.
1
What is the value of 0 - 2 - (-47 + 67 - (1 + 9))?
-12
What is the value of 8 - (5 + (-7 - 2)) - (-8 - -4)?
16
6 - (-7 + 5 + (-3 - 2) + 4)
9
What is the value of 10 - (-6 - 1) - 5?
12
What is 4 + -2 - (3 - (10 - 9)) - -12?
12
Calculate -1 + 0 - (20 + (6 - 10) + 8).
-25
1 + (4 - (12 - 6 - 5))
4
What is -4 + 21 + -24 - -30?
23
-10 + 0 - (7 - 19 - -3)
-1
What is the value of (-4 - (11 + (19 + -5 - 6))) + 8?
-15
Evaluate (5 - 7) + (20 - 24 - (4 - 1)).
-9
What is 11 + (3 - (4 + -5)) + 0?
15
Evaluate (-18 + 23 - (3 + (0 - 3))) + 0.
5
Calculate (719 - 708) + (0 - 1).
10
Calculate (0 - 0 - (-23 - -33 - 25)) + -6.
9
What is -10 - -19 - (4 + 7 + -7)?
5
Evaluate 2 + -2 + 4 - -1.
5
What is -16 + -6 + -3 + 8 - 13?
-30
Calculate 102 + -92 - (12 - (-4 - -2)).
-4
What is 14 - (-22 - -10 - -14)?
12
What is 2 + -4 - 36 - (-558 - -552)?
-32
Evaluate 2 - 21 - (-159 - -143).
-3
Evaluate 10 + -6 + -9 - 8.
-13
Evaluate (-30 - 1) + (1 + 10 - 3) + 1.
-22
(-2 + (-12 - -6) - -47) + -9 + 2
32
(-11 - -22 - 29) + 15
-3
Evaluate (-9 + 2 - -14) + (4 - (4 + -4)).
11
What is 8 + -2 - (-129 - -144)?
-9
What is the value of (10 - 4 - 8) + 0 + -2 + -2?
-6
(3 - (7 + -5)) + 4 + (-9 - -2)
-2
(-81 - -145) + (0 - 37)
27
What is -194 - -215 - ((-1 - 1) + 11)?
12
What is -10 + (-15 - -7) + (4 - 2)?
-16
Evaluate -8 + -8 + 29 - 23.
-10
Evaluate 19 + -16 + (-1 - 1) + (1 - 1).
1
-6 + 5 + (-1 + -1 - (25 + -35))
7
What is (-8 - ((-10 - -3) + 9 + 1)) + -15?
-26
What is the value of -59 + -3 + 162 + -126?
-26
What is the value of 2 + -6 - 5 - (6 + -7)?
-8
Calculate 32 + -21 + -16 + 33.
28
Evaluate 0 - 15 - (-35 - (-24 + -15)).
-19
7 - (8 - 9 - (-10 + -6))
-8
(-4 - 13) + 6 + 9
-2
What is the value of (13 - 4 - 3) + -12 + 17 + -27?
-16
What is 15 - (-7 - (-1 + -20 + 6 + 0))?
7
Calculate (17 - -21) + -67 + (10 - 1).
-20
Evaluate -10 + 11 + -5 + 6.
2
Evaluate -23 + 0 + (9 - 6) + -11 + 1.
-30
Calculate -578 - -595 - (35 - 2).
-16
What is -18 - (-17 - (-1 + -7))?
-9
10 + 23 + -26 - 13
-6
What is 10 + -24 - (-14 + 6)?
-6
Calculate -7 - (-174 + 181 + -20 + 1).
5
What is 1 - (-11 + -15 + 21 + -8)?
14
Evaluate 20 + (-23 - -7) - 9.
-5
Evaluate 18 - (22 + -6) - (3 - 27).
26
Calculate (-10 + 8 - 15) + 13 - 14.
-18
What is the value of -1 + (-7 - -5) - -12 - 4?
5
Calculate (-1 - -6 - 3) + 7.
9
(4 - 2 - -16) + -15
3
Evaluate -4 + (12 - (5 + 34)) + 11.
-20
Calculate (-8 - (12 + -29) - (-4 - -16)) + -7.
-10
Calculate 29 + (-2 + (-2 - -11) - 6).
30
Calculate 5 + (15 - 4) - (48 - 44).
12
Evaluate 1 + 2 + -4 + -6 + -6.
-13
Calculate (-35 - -63) + -34 - (-13 - 2).
9
-8 - -2 - (-3 - 8 - (4 + -3))
6
Evaluate -40 + -50 + 36 + 22.
-32
Evaluate 4 + (8 - 9 - (-3 - (1 - -1))).
8
What is -21 - (-43 + (57 - 21))?
-14
What is the value of (-4 - (7 - 4)) + (-1 - 0 - -20)?
12
What is the value of 482 + -442 + -3 + 2 + -8?
31
Evaluate 3 - (4 + 22 + -21).
-2
Evaluate 1 + -1 - ((19 - 9) + -18).
8
0 + -3 + 6 + -4 + -17 + 26
8
Evaluate 17 + -48 + 11 + 6.
-14
Evaluate -13 + 7 - ((-4 - -7) + -7 - -6).
-8
Evaluate 17 + 3 + -38 - -17.
-1
(7 - (30 + -31)) + 2 + 0
10
Evaluate (-5 - (-56 + 29) - (0 + 3)) + -6.
13
Evaluate 6 + -2 + (-128 - -118).
-6
Calculate -3 + (2 + -10 - -13) + (2 - 1).
3
What is the value of (-37 - 1) + 879 + -863?
-22
What is (-2 + 4 - 17) + (564 - 559)?
-10
Evaluate 21 + -22 + (-6 + (7 - 0) - 7).
-7
9 + 1 + -2 - (27 + 10 + -33)
4
What is the value of 10 - (-5 + 13) - 22 - -7?
-13
What is the value of 37 + (22 - 67) + (0 - -12)?
4
26 + 6 + (-54 - -46)
24
Calculate -1 + 10 + -10 + (-6 - 0) - 7.
-14
(5 + (5 - -2) + -5 - 2) + -6
-1
What is the value of 15 + -2 + 1 + (-7 - -11 - -2)?
20
Evaluate 7 - 6 - (1 + 4 - 4).
0
What is -52 + (7 - -10) + 1?
-34
Calculate -153 + 147 + (1 - -9).
4
-2 - 1 - (3 + -6 + 6 + 1)
-7
Calculate -1 + (0 + (20 - (1 - -10)) - -11).
19
Calculate -16 + 10 + (12 - 5 - -3).
4
0 - (0 + (-10 - (5 + -10) - 3))
8
What is -9 - (1 + -12 - 27)?
29
What is the value of 7 - 2 - -26 - (-13 - (-20 - -3))?
27
Evaluate 6 - (-13 + 18) - ((2 - -2) + 2).
-5
What is the value of (1 - -3) + 131 + -132 + -9?
-6
What is the value of 4 - (9 - 6) - 2?
-1
Evaluate 3 + -6 - (-7 - -12).
-8
Evaluate -20 - (-34 + (13 - -4)).
-3
What is 6 + (-5 + 18 - -15)?
34
What is the value of (725 - 753) + 29 + -1?
0
What is (5340 - 5344) + 0 + 0 + -5?
-9
Evaluate -36 + (20 - 9) - -40.
15
Evaluate (2 - -6) + -3 + 1.
6
What is -34 - (-3 - 20 - 10)?
-1
What is the value of 4 + 9 + -5 - (-28 + 1 - -7)?
28
What is the value of -32 - (-7 - (-5 + -2)) - (9 - 15)?
-26
What is the value of (22 - 10 - (42 - 25)) + -3?
-8
Evaluate 15 - (33 - -1) - 2.
-21
Calculate 2 - -16 - (10 + -4 - 8).
20
What is (-5 - -19) + -19 + 14 + 0?
9
Calculate 501 - 464 - (2 + 15).
20
Calculate 17 - (1 + -18 - -25).
9
Calculate 19 + 3 + -8 + -1.
13
What is the value of -75 - -80 - (16 - 0 - (1 - -3))?
-7
Evaluate 15 + (-15 - -4) - (-2 - -22).
-16
Evaluate 4 + (15 - 4 - 25).
-10
Calculate -1 - (-1 - -3) - (-3 + -27 + 14).
13
What is (3 - (14 + (-1 - -3))) + 8 + -6?
-11
Calculate -14 - (-5 - -14) - -15 - (0 - 18).
10
What is the value of 16 + 2 + -2 + (-6 - -1)?
11
What is -12 + (1 - 15) + 40?
14
What is the value of (5 - (8 - (5 + 1))) + 0?
3
What is -2 - -7 - (66 + -57 + 0 + -1)?
-3
What is the value of (11 - 24) + -7 + (23 - 4)?
-1
2 + -12 + (-12 - (7 + -9) - -8)
-12
9 + -10 + -1 - (6 - 10)
2
What is the value of -72 + 1 - (1894 + -1930)?
-35
Calculate 2 + (-14 + 18 - -4).
10
21 + 8 + -18 + (19 - 11)
19
Calculate -20 - (28 + (36 - 90)).
6
What is -71 - -46 - (-3 - 8)?
-14
6 + (35 - 30 - (-1 + -3) - 6)
9
What is the value of (-8 - (3 - (-14 - -10))) + 33?
18
Calculate 13 + -35 + 13 - 1.
-10
(1 - 29) + (50 - (96 + -47))
-27
Calculate 6 - (4 + -2 + -11).
15
Evaluate (-5 - (-5 + -2) - 9) + 10 + -3.
0
Evaluate -7 - (4 + -18 - -2).
5
Calculate -4 + (-13 - (-14 - (6 - 15))).
-12
Calculate -9 - (-22 + 7 + 22).
-16
Evaluate 23 + 0 - (-1005 + 1050).
-22
What is 5 + (-6 - (2 + -8 + -3)) + -6?
2
What is the value of 1 - (-2 - -1 - (-22 + 1 + 31))?
12
-39 - -46 - (6 - -16)
-15
What is -132 + 159 + -15 + -1?
11
Calculate 1 - ((6 - 0) + 11 + -22).
6
Calculate (-9 - (-3 + (-4 - -18))) + (0 - -2).
-18
(-63 + 55 - ((3 - 0) + -5)) + -6
-12
Evaluate (6 - (13 + 8) - -1) + 21.
7
37 - (26 + -29 + 26)
14
What is the value of 4 - ((1 - 8) + 17 + 21 + -18)?
-9
Calculate 12 + -5 + 3 + (-3 - (-12 - -9)).
10
Calculate (12 - (-8 - -17)) + (2 - -1).
6
Calculate 0 + 2 + (-2 - -2) + (-8 - 1).
-7
Evaluate 432 + -425 + -25 + (0 - 1) - 2.
-21
What is 250 + -225 + (0 - 11)?
14
Evaluate (62 - (142 - 56)) + (-11 - (-1 - 0)).
-34
10 + (-5 - (-6 + -1 - 0) - 0)
12
Calculate -18 - (-8 + 7 - 11).
-6
What is the value of 5 - ((-5 - -10) + 9 + -9)?
0
What is the value of -1 + 3 + (15 - 15 - 23) + 28?
7
What is the value of -10 + -10 + 2 - -7?
-11
Calculate 15 + -11 - -11 - (-9 + 12).
12
19 + -22 + -14 + 33
16
Evaluate -7 + -6 + 4 + 21 + -11.
1
Calculate 4 + (-2 + 6 - (-6 - (1 + -2))).
13
What is 35 - (19 - (-9 - -15))?
22
What is the value of (18 - (-2 - -15)) + -20?
-15
What is 5 + -7 + 1 + -1 + (-78 - -97)?
17
Calculate (-12 - (-7 - -13)) + 33.
15
3 - ((5 - (15 + 3)) + 7)
9
Calculate (-2 - -5) + 2 - (4 + -11 + 13).
-1
What is -15 - -41 - 6 - (2 - 4)?
22
Evaluate (-1 - ((16 - -4) + -3)) + (-16 - -22).
-12
Calculate 60 - 23 - 23 - 13.
1
What is the value of -4 - -19 - 4 - 0?
11
Calculate -35 - (10 - (57 + -31)).
-19
Calculate -8 + 14 + -26 + 13 + 20.
13
What is the value of 9 + -4 + -27 + 8 - 0?
-14
18 - (-3 + 11) - (14 + 26)
-30
What is the value of -4 + 1 + -9 + 5 + 5 + 11?
9
-4 - (41 - 59) - (0 - 11)
25
Evaluate -10 + -9 + (0 + 4 - -1).
-14
(8 - 86) + 41 - -45
8
What is the value of 13 + -6 + (2 + 1 - (-8 + -7))?
25
What is 220 - 203 - (1 - 1 - (2 - 2))?
17
What is -6 + -5 - (-6 - 2) - -1 - 6?
-8
What is -1 + -8 - (-13 + -35 + 57)?
-18
Calculate (0 - 11) + (-15 - -13).
-13
What is the value of 9 -